- 7).
35
Suppose u - 402 = 2*w, 0*u - u + w = -406. Suppose -a + 15 = -o - 0*o, 3*a + 2*o = 55. Suppose a*j = 12*j + u. Calculate the remainder when j is divided by 14.
12
Suppose a + 0 = -3. Let v = a - -16. What is the remainder when 100*(-2 - (-5)/2) is divided by v?
11
Let v(l) = l**2 + 13*l + 13. Let j be v(-11). Let s = 0 - j. Suppose 63 = 3*a + s. Calculate the remainder when a is divided by 5.
3
Suppose -213 = 3*f + 3*r, -5*f - 3*r = 439 - 82. Let o = -48 - f. Let c = 0 + 94. What is the remainder when c is divided by o?
22
Suppose -2*a + 2 = -2*g, -2*a + 3 = -3*a + 5*g. Calculate the remainder when 66 is divided by 46/(-2*a/(-2)).
20
Let h(l) = 2*l - 4 + 2*l**2 + 1 - l**2 - 7*l. Suppose 3*r = -2*r + 300. Calculate the remainder when r is divided by h(-3).
18
Suppose n - 2*n + 7 = 0. Let t = 771 - 751. Calculate the remainder when t is divided by n.
6
What is the remainder when (420/(-8))/15*296/(-28) is divided by 7?
2
Let x(g) = g - 11. Let m be x(11). Suppose m = -5*u - 2*q + 120, 105 - 29 = 3*u + 2*q. Calculate the remainder when u is divided by 12.
10
Suppose 5*m = -5*l + 55, m + 36 = 3*l + 3*m. Let d(w) = -2*w**2 + 4*w - 4. Let c be d(3). Let x = l + c. Calculate the remainder when 11 is divided by x.
3
Let o = -2905 - -5224. Calculate the remainder when o is divided by 9.
6
Let l(m) = -m**3 - 15*m**2 - 38*m - 13. Calculate the remainder when 558 is divided by l(-12).
8
Suppose -r + 3*q - 5 = 0, -r + 24 = 2*r + 4*q. Suppose 3*n = 4*n - u - 12, -46 = -r*n + 2*u. What is the remainder when 17 is divided by n?
6
Suppose -47*j = -56*j + 387. Calculate the remainder when 180 is divided by j.
8
Let l = -2017 + 2968. Calculate the remainder when l is divided by 56.
55
Suppose -4*h + 263 - 55 = 2*q, h + 333 = 3*q. Calculate the remainder when q is divided by 28.
26
Let y be 3 + -1*(0 - -1). Let k be (1/y)/((-10)/40). Let f = 17 + k. What is the remainder when 44 is divided by f?
14
Suppose k + 21 = 5*l, -5*l - 4*k = -0*k - 16. Suppose 14*g = l*g + 190. What is the remainder when 111 is divided by g?
16
Suppose 0 = 2*j + j - 4*x - 561, 0 = -4*x. Suppose -7*p = 4*p - j. Calculate the remainder when 116 is divided by p.
14
Suppose -23*x + 26*x = 240. What is the remainder when x is divided by 41?
39
Let n be ((-42)/18)/7 - (-236)/6. Suppose 30 = 3*y + 2*o - 63, y - n = 2*o. Calculate the remainder when y is divided by 23.
10
Let a be (31/3)/((-5)/(-180)). Suppose 0 = -5*n - 7*n + a. Calculate the remainder when n is divided by 16.
15
Suppose -282 + 1207 = 5*d. Let b = -101 + d. Calculate the remainder when b is divided by 29.
26
Let b(u) = -11*u - 5. Let v(g) be the first derivative of 5*g**2/2 + 3*g + 10. Let m(i) = 4*b(i) + 9*v(i). What is the remainder when 7 is divided by m(-4)?
1
Suppose 2*g - 5*f - 1200 = 0, 4*g + 14*f - 2460 = 9*f. Calculate the remainder when g is divided by 56.
50
Let d be (47 - -4)*((-8)/3)/(-2). Calculate the remainder when 99 is divided by (-34)/d*(1 - 68 - 1).
31
Calculate the remainder when 38 - ((1 - -5 - 0) + -4) is divided by 20.
16
Let h(k) = -2*k + 11. Let m be h(-4). Suppose s - w + 1 = 6, -5*s = w - m. What is the remainder when 9 is divided by s?
1
Let m(x) = 6*x**2 - 14*x + 12. Let k be m(6). Suppose -34 = 5*a - k. Let r(c) = c + 12. What is the remainder when a is divided by r(-6)?
4
Let s = -299 - -302. Calculate the remainder when 4 is divided by s.
1
Let z(o) = -2*o**2 - 9*o - 15. Let k be z(-7). Let n = 33 + -64. Let v = n - k. What is the remainder when 54 is divided by v?
16
Suppose -5*q - 109 = -3*u, -13*u - 63 = -14*u - 5*q. Calculate the remainder when 102 is divided by u.
16
Suppose 8*m + 2*m - 120 = 0. Let w be (-399)/4 - (-2)/(-8). Let l = 145 + w. What is the remainder when l is divided by m?
9
Let p(j) = -28*j**3 - 2*j**2 + 1. Let h(t) be the first derivative of -43*t**2/2 - 6*t + 26. What is the remainder when h(-2) is divided by p(-1)?
26
Let x(t) = -t**3 + 7*t**2 - 5*t - 2. Let b be x(6). Suppose -3*f + 2*j = -2*j + 10, -j = -2*f. Let k = b - f. What is the remainder when 7 is divided by k?
1
Suppose f - 5*l + 14 = 47, -l + 111 = 4*f. Suppose -h = -2*h + f. Calculate the remainder when 44 is divided by 284/18 - h/(-126).
12
Suppose -78*y = -73*y - 70. Suppose y*r = -81 + 683. What is the remainder when 255 is divided by r?
40
Suppose -37*t = -22*t - 735. What is the remainder when 146 is divided by t?
48
What is the remainder when 140 is divided by 279/15 + 6/15?
7
Suppose 3*u - 33 = 5*z, -4*u = -z - 3*z - 36. Let w(a) = -2*a**2 - 4 - 6*a + 2*a**2 + a**2 + 2*a. Calculate the remainder when w(6) is divided by u.
2
Let u = 160 + -88. Let v = u + -35. Suppose 55 = 20*w - 15*w. Calculate the remainder when v is divided by w.
4
Calculate the remainder when 136/(-32)*(-16)/2 is divided by 4.
2
Suppose 462 = 15*m - 26*m. What is the remainder when (-1)/(-1) - (-4)/((-24)/m) is divided by 3?
2
Let a(f) = f**3 + 13*f**2 + 21*f - 13. Let d be a(-11). Calculate the remainder when 4 + (-2 - 58*d) is divided by 30.
28
Suppose 0 = 4*v - 6*v, 0 = 5*n - 5*v - 95. What is the remainder when 93 is divided by n?
17
Let n = -25 + 93. Let u(o) = 2*o**3 - 79*o**2 + 36*o + 121. What is the remainder when 2/(-6) + n/6 is divided by u(39)?
3
Let s(q) = 3*q**2 + 1. Let n be 35/(-5)*(5 + -1). Let i = n - -31. Calculate the remainder when 55 is divided by s(i).
27
Suppose 100 + 81 = 4*u + 5*j, -2*u + 113 = -5*j. What is the remainder when 190 is divided by u?
43
Let c = 3 + 0. Suppose c*s - 102 = -3*s. Let i = s + -13. What is the remainder when 14 is divided by i?
2
Suppose -3*p = -7*p + 252. Suppose n - 4*h - 39 = 0, -3*n = -4*h - 46 - p. Calculate the remainder when n is divided by 19.
16
Let v be (-14)/(-3) - (-4 - 56/(-12)). Suppose -3*i + v*i = 47. What is the remainder when i is divided by (-32)/(-3)*(-3)/(-2)?
15
Let c = -3832 - -3849. Suppose h - 4*w = 70, -3*h - h + 3*w + 267 = 0. Calculate the remainder when h is divided by c.
15
Suppose 10*v - 18 = 9*v. Let q = 34 - v. Let u = 116 - 71. Calculate the remainder when u is divided by q.
13
Suppose -260 = -24*x + 11*x. Calculate the remainder when 36 is divided by x.
16
Suppose 6*k = 69 + 39. What is the remainder when 143 is divided by k?
17
Suppose 0 = 3*x - 5*i - 231 + 91, -5*i = 20. Suppose 45*l - x*l - 95 = 0. What is the remainder when 31 is divided by l?
12
Suppose -9 = 18*u - 21*u, -4*p + 4*u + 1424 = 0. Calculate the remainder when p is divided by 61.
54
Suppose -5*a + 105 = 3*o, -12*a + o = -9*a - 49. What is the remainder when a is divided by ((-15 - -1)*1)/(-2)?
4
Suppose 5*o + 2*o - 273 = 0. Let z = o + -18. Suppose 2*b + 5*j - z = 0, -4*j = 5*b - 3*j - 64. What is the remainder when 38 is divided by b?
12
Let y be (-189)/6 + 18/(-12). Calculate the remainder when 29 is divided by 1032/132 - -3*(-2)/y.
5
Let u = 292 + -248. Calculate the remainder when 69 is divided by u.
25
What is the remainder when 277 is divided by (246/(-4) - -8)*-2?
63
Suppose -232*l = -229*l - 120. Calculate the remainder when 191 is divided by l.
31
Let u be (-3)/(45/(-10)) + (-26)/(-6). Suppose -u*j + 42 = -58. What is the remainder when 38 is divided by j?
18
Suppose -i - 361 - 33 = -3*z, 0 = 3*z - 2*i - 392. Calculate the remainder when z is divided by 19.
18
Let u = 4 + -12. Let j = 7 + u. Calculate the remainder when 5 is divided by ((-3)/3)/(j/4).
1
Let k(j) = 2*j**3 - 3*j**2 + 3*j + 3. What is the remainder when k(3) is divided by (-4*(-24)/(-36))/(3/(-9))?
7
Let b(h) = -h**2 + 9*h + 7. Let s(i) = -3*i**2 + 3*i + 4. Let n be s(-1). What is the remainder when b(6) is divided by (-3)/n*364/42?
12
Suppose -3*p = -4*r - 37, 2*p - 24 = -0*p + 3*r. Calculate the remainder when p is divided by 6.
3
Suppose 0 = -0*d - d + 5. Suppose d*a + 135 = -0*a. Let w = a - -54. What is the remainder when w is divided by 6?
3
Let u be 10*-9*(-3)/45. Suppose 11 - u = 5*t. Let x(q) = -2*q - 1. Calculate the remainder when x(-1) is divided by t.
0
Let b be 45/(-18)*8/(-5). Suppose 0*m - 24 = -b*m. Let r = 37 + -14. What is the remainder when r is divided by m?
5
Let o(l) = -3*l - 1. Let r be o(-6). Suppose 4*d = 18*d - 322. Let y = d - r. What is the remainder when 22 is divided by y?
4
Let d = -40 - -149. Calculate the remainder when d is divided by 8.
5
Suppose 4 = -4*f + 20